76?
-18
Calculate 17 + -9 + (-23 - -12).
-3
What is the value of -4 + 2 + (7 - (-5 + 10)) - 2?
-2
Evaluate 7 + 7 + -7 + -19 - (-7 - -3).
-8
-2 + -1 + (28 - 42) + 33
16
Calculate -8 + (16 + -1 - (0 - -6)).
1
What is the value of -2 - (15 + -16 - (0 - -13 - 1))?
11
Calculate -18 + (18 - -10) + 0 + 20.
30
What is -9 + -1 + 6 + -16 + 13?
-7
What is (-1 - -3) + (-57 - -129 - 46)?
28
2 - -8 - (15 + -7)
2
What is the value of -5 + -5 - (-46 + 41)?
-5
What is (8 - (-1 + (11 + -7 - -3))) + -3?
-1
19 + -8 - (18 - -1 - 8)
0
-9 - ((-2 + -7 - 4) + 3)
1
What is the value of 1 + -2 - (-2 - -3 - 1 - 6)?
5
Calculate 3 + (0 + 13 - -2).
18
Calculate -608 + 622 + -24 + (0 - -2).
-8
What is the value of -15 - (11 - 27 - -11)?
-10
Evaluate 15 + 0 + -18 - 9.
-12
What is -21 - -7 - (-4 - -13) - -12?
-11
Evaluate (-30 - -27) + (1 + 37 - 0).
35
What is 23 + 7 + -19 - (-2 - 8)?
21
What is 0 - -2 - (1 + -19 + 7)?
13
Calculate 14 + -1 + (1 - 7) + 20 + -18.
9
Evaluate (-27 - -17) + 12 + 9.
11
What is the value of (-34 - (5 - 13)) + (18 - 5)?
-13
What is -2 - (14 + (-1 - -2)) - (34 + -37)?
-14
Evaluate 2 + -2 + 0 + (24 - (-5 - 4)).
33
What is -4 + 17 + (2 + -4 - 3)?
8
Calculate 23 + 18 + -61 - (-1 + -1).
-18
What is 30 + (-1 - 11) + -16 - 5?
-3
21 + -11 + -1 + -13
-4
What is the value of -1 - 0 - (-6 + -1) - (18 + -1)?
-11
Evaluate 2 + 7 - (-5 + -12 + 40).
-14
46 + -6 + -11 + -15
14
Evaluate (-13 - (-44 + 39)) + (1 - 11).
-18
What is -9 - (20 + -14 + -3) - -44?
32
Calculate (34 - 18) + -36 + -4.
-24
Evaluate (56 - (-30 + 94)) + 0 + -13.
-21
141 + -128 - (2 + 0 + (1 - 1))
11
-14 + -1 - (14 - ((-2 - -1) + 13))
-17
What is the value of 13 + (14 - 23) - (-8 + 2 - -2)?
8
What is 12 - ((4 - 15) + 11)?
12
Calculate 2 + (11 - 7) - ((6 - 16) + 5).
11
What is (-31 - (13 + -35)) + (-2 - 8)?
-19
What is the value of (1 - 3) + 3 + 2 + -454 + 478?
27
0 + 5 - ((-18 - -35 - -13) + -2)
-23
Calculate 0 + (-3 - 1) + (1 - 4 - -9).
2
Evaluate 0 + -36 - (1092 + -1143).
15
Evaluate (3 - -12) + (-38 - (-1 - -2)).
-24
What is the value of -8 - (6 - 21 - 7)?
14
Calculate 12 + (-13 + 3 - -8).
10
Calculate (2 - (4 + 0) - (2 - 0)) + 24.
20
What is (-8 - -2 - (-76 + 69)) + 0?
1
What is the value of -6 - (-12 - (-4 - 5 - -5)) - 8?
-6
(-15 - -20) + (9 - -22 - 11)
25
Evaluate (1 - -31) + (0 - (15 + -1)).
18
What is the value of -43 - (7 - (6 - -13))?
-31
Calculate 23 - (19 - (10 + 5)).
19
What is the value of -2 + 8 - (5 + -2 + 10)?
-7
Evaluate (-1 - -8) + 5 + (22 + -11 - 9).
14
What is -10 + (-3 - -4) - (5 + -11) - -17?
14
Evaluate -5 + 16 - -9 - (-1 - -11).
10
What is 1 + (-3 - -1 - (-14 + 17))?
-4
Calculate (0 - 10) + 68 + -37.
21
(-9 - -19) + -20 + -1 + 11
0
What is the value of -854 + 857 - (2 - (1 + 2 + -2))?
2
(12 - -1) + 30 + -12 - (7 - 2)
26
What is the value of 8 - (-12 - -10) - 3?
7
Evaluate -39 + 3 + 23 + 47.
34
What is -14 - -6 - ((-7 - (7 - 7)) + 7)?
-8
What is (-1 - (1 + -16)) + 0 - (-319 - -320)?
13
What is (22 - -7 - 25) + (-11 - -2)?
-5
What is 3 - -14 - (16 + (-19 - -10))?
10
Calculate 7 + 29 - (74 + -42).
4
What is the value of (-4 - 9) + (-25 - -21 - -29)?
12
What is the value of 7 - -3 - (-3 + 5 + -6 + 0)?
14
What is 23 - (-25 + 29 + 12)?
7
Evaluate (-3 + 11 - 1) + (14 + -6 - 36).
-21
10 + (32 - 35) + 21
28
Calculate (8 - 14 - 3) + 27.
18
Calculate (9 - (5 + 6) - (10 + 0)) + -6.
-18
Evaluate 4 - -2 - 7 - 2 - 6.
-9
Calculate 11 - ((16 - 4) + -1).
0
-14 - 1 - ((48 - 57) + 9)
-15
Calculate -3 + -2 + (-9 - 1 - (-6 + 1)).
-10
21 - (-40 + 53 - (1 + -2))
7
Evaluate 12 + 0 - ((-3 - (-4 - 6)) + -1).
6
What is (-19 + 20 - -16) + -16?
1
What is -490 + 494 + 1 + 1 + 18?
24
Evaluate 3 + 11 + (-2 - 2) + (-36 - -40).
14
What is -19 - (-10 + -8) - 9?
-10
What is 9 - (-7 + 8 + 8) - 4?
-4
Calculate -3 + 4 + 4 + (-10 - 6).
-11
(19 - ((29 - 9) + -9)) + 10 + -55
-37
Evaluate 7 - (2 - 3 - -33) - (23 - 19).
-29
0 + -3 - (2 + -13 + (9 - -9))
-10
What is 20 + 2 + -27 - -22?
17
What is the value of 12 - (33 - 25) - (2 + -2)?
4
What is the value of (4 - -21 - 15) + (2 - 21)?
-9
What is 13 + (-5 - -3) - (1 + (-9 - -7))?
12
Calculate 29 + -33 + 6 + -12.
-10
Calculate 10 + -2 - 13 - 1.
-6
What is 3 + -38 + -6 + 32?
-9
Calculate (-5 - 0 - -10) + -4 + 2.
3
What is the value of (13 - (5 - -2)) + 0?
6
Evaluate 45 - 12 - 1 - 30.
2
Calculate (13 - 16) + (-7 - -13) + -6 + 29.
26
What is the value of 180 + -201 + (6 - -1)?
-14
What is -239 - -232 - (2 + -26)?
17
What is the value of 2 - -1 - (17 - 21) - 0?
7
What is the value of -23 + 21 + 1 + (6 - 4)?
1
What is the value of -8 - -26 - (-9 - (-23 + 8))?
12
What is 15 - 0 - (10 - -14)?
-9
What is (0 - 1 - (-10 + -8 + 25)) + 30?
22
Evaluate -1 + 7 + -241 + 257.
22
Calculate (0 - (1 + (0 - -2))) + 222 + -214.
5
(3 - 2) + -91 + 123
33
Evaluate 12 + -13 + (-4 - -11) - 2.
4
What is -10 - 0 - 2 - -28?
16
14 - (-6 - (2 - -1 - 12))
11
What is the value of 67 - (25 - -16) - 38?
-12
-6 + 11 + -9 + (18 - -2)
16
Calculate -1 - (-4 - (15 + -13)).
5
What is (4 - (4 + (-4 - -11)) - -9) + 10?
12
264 + -274 + (-2 - (0 - 0))
-12
Evaluate (-5 + -1 - (4 - 2)) + (36 - 11).
17
Calculate (-6 - 0 - (-7 - -3)) + -1.
-3
Evaluate 12 + (-2 - 1) + 1 + 15 + -8.
17
Calculate 0 + 1 - (-17 - -4).
14
What is 46 + -44 - (2 + -23)?
23
Calculate (-17 + 8 - -3) + (-9 - (0 + 3)).
-18
What is the value of -10 + 56 + (-12 - 15)?
19
What is the value of 24 + -30 + 1 + 8 + -1 + -5?
-3
(-4 - (-2 + 2)) + -4 - 5
-13
Calculate 8 - (-19 + 45 + -34 - (-2 + -8)).
6
What is 5 + (-26 - -14) + -4 + -6?
-17
Calculate 2 + 2 - 0 - (-12 - (-3 + 8)).
21
Evaluate -7 - (3 - (13 - (9 + -2)) - -6).
-10
Calculate -33 + 9 + (14 - (0 + 3)).
-13
Evaluate 8 - (-2 + (6 - -13)).
-9
What is 36 + -12 + -2 - 10?
12
-1 - (1 + 4 + -5 - 13)
12
What is the value of ((-22 - -17) + 25 - 9) + -17?
-6
What is -17 + (16 - 3) - (3 - 0)?
-7
Evaluate -5 + (19 - (8 - (0 + 2))).
8
Calculate -9 + (-7 - (8 + 1 - 9 - 4)).
-12
14 - (-12 - -1 - (-266 - -237))
-4
Evaluate -6 + (0 - 3 - 0) - (0 + -2).
-7
Evaluate 1741 + -1708 - (0 + 34).
-1
What is -4 + -1 - (8 - (-34 - -50))?
3
What is -8 - (-3 - -13) - (17 - 30)?
-5
-3 + -1 + -1 + 2 + (-234 - -225)
-12
Calculate -8 + (8 + 0 + -15 - -21).
6
-3 - (-3 + (-11 - 2) + 4 + -1)
10
What is the value of -2 + 9 + (-54 - -49) - 3?
-1
What is the value of -1 + -7 + 305 + -275?
22
Evaluate 13 + (-21 - -7) + 2 + -7.
-6
27 - (-18 + 18) - 9
18
What is the value of 53 - 64 - (-3 + 5)?
-13
What is the value of (-36 - (-45 + -10)) + 14?
33
Calculate -21 + 32 - (-8 + 22).
-3
What is the value of 5 + 7 + (4 - 7) + -7?
2
(12 - (-4 + 32)) + 7 - -13
4
(-13 - (-2 - -2)) + -1208 + 1220
-1
Calculate -36 + 53 + -14 + -1.
2
Calculate (73 - 80) + (20 - 2).
11
What is 1 + 4 + -2 + (3 - (-11 - -7))?
10
What is the value of -6 + (19 - (2 - -7)) + 4?
8
What is the value of -10 - -8 - (4 - 15 - (-1 - -7))?
15
Evaluate 30 - 39 - (-1 + -9 + 1).
0
Calculate (0 - 1) + 5 - (-1 + 2 - -14).
-11
Evaluate -6 + (-8 - -7 - -6) - -7.
6
-32 + (-9 + 14 - -34)
7
Evaluate -4 + (-1 + 12 - -2).
9
Calculate 5 - (9 + 3) - -16.
9
-135 - -145 - (-5 + 1) - (5 - 11)
20
What is -1 + (3 - 5) + (-1 + 6 - 8)?
-6
Calculate 1 + 1 + 7 + (10 - -4) + -4.
19
-23 + 5 + (22 - -18)
22
31 - (18 - (19 + -20))
12
What is the value of 4 + -3 + 1 - (5 + (-7 - -3))?
1
15 - 5 - (65 + -11 - 5)
-39
Calculate -3 + (-1 - (45 + -30)).
-19
What is (-53 - -28) + 35 - (8 + (1 - -1))?
0
12 + (-45 - (4 - 22))
-15
What is the value of (21 + -50 - -26) + -21?
-24
Calculate -303 + 286 - (0 + -31).
14
What is -1 + 0 - (-12 + 30 + -15 - -1)?
-5
Calculate -19 - ((7 - 8 - -15) + -26).
-7
What is the value of (0 - (0 + 1)) + 6 - (510 - 506)?
1
Calculate -16 + (2 - -10) + -7.
-11
Evaluate (-31 + -17 - -24) + 12.
-12
0 - (-24 + 37) - (-4 - (-3 + -4))
-16
Calculate 26 + -23 + (-4 - -2 - 12).
-11
What is (-4 - -9) + -15 + 2 - 0 - 8?
-16
Calculate (-17 - -29) + -48 + 60.
24
Calculate -2 + 10 + -4 - 10 - -4.
-2
What is the value of 12 - 0 - (-2 - -11)?
3
Calculate (-2 - -3) + 35 + -30.
6
Calculate 20 + -23 - (-6 - (-6 - (4 + -7))).
0
Calculate 5 + (0 + 8 - (72 - 63)).
4
Evaluate 13 + (-35 + 10 - 5).
-17
(0 - (2 + -8 + 0)) + (-27 - 1)
-22
What is 2 + -4 - (6 - (5 + -6) - 3)?
-6
What is the value of 7 - (-5 + -14 + 15)?
11
Calculate 14 - (-1 - 1) - (-1 + -65 - -65).
17
Calculate -13 - (1 + (25 - 57)).
18
What i